Calculate the highest common factor of k and 216.
27
Let d = -117 + 59. Let q = d - -113. Calculate the greatest common divisor of 5 and q.
5
Let f(c) = c**3 - c**2 - 5*c + 4. Let i(n) = -n - 1. Let k be i(-2). Let x be 2 + (6/3 - k). Let d be f(x). Calculate the greatest common factor of 28 and d.
7
Let f be (-6)/(-24) + (-107)/(-4). Suppose -f + 63 = 2*g. Let a(h) = 11*h + 3. Let q be a(3). What is the highest common divisor of g and q?
18
Let x = -51 - -391. Calculate the greatest common factor of x and 20.
20
Suppose 0 = -7*i + 11*i - 16. Let l be (2/i)/((-5)/(-20)). Suppose -l*c - 7 = -123. Calculate the highest common divisor of 29 and c.
29
Let m(x) = -x**3 + 7*x**2 + 11*x - 21. Let c be m(8). Suppose -c*i + 28 = -2. What is the greatest common divisor of 35 and i?
5
Let i be 29/(-4) - 3/(-12). Let z(v) = v**3 + 6*v**2 - 10*v - 8. Let j be z(i). Calculate the greatest common divisor of 52 and j.
13
Let y(v) = -v**3 - 38*v**2 + 3*v + 135. Let d be y(-38). What is the highest common factor of d and 24?
3
Suppose 27 = -2*r + l, 4*l = -2*r - 0*r - 32. Let h be 312/28 - (-2)/r. What is the highest common factor of h and 121?
11
Let s be 1/(2/(-708)*-6). Calculate the greatest common divisor of s and 472.
59
Let k = -40 + 1. Let o = 41 - k. Let a = -107 - -123. Calculate the highest common factor of o and a.
16
Let i = 872 - 583. Calculate the greatest common divisor of i and 34.
17
Let b = -203 - -222. What is the greatest common divisor of 893 and b?
19
Let u(k) = k**3 + 7*k**2 + 11*k - 2. Let c be u(-5). Let l be (-71 - c)/(2/8). Let o = l - -432. Calculate the greatest common divisor of 16 and o.
16
Let j = -40 + 46. Suppose 8*o = j*o + 32. What is the highest common divisor of o and 64?
16
Suppose -194*f + 198*f = 480. What is the greatest common divisor of f and 30?
30
Let a(w) = 43*w**2 + 1. Let c be a(-1). Let q = c + -14. Let d = 42 + 3. What is the greatest common factor of q and d?
15
Suppose c + 14 = 3*c. Let j(y) be the first derivative of y**3/3 - 3*y**2/2 + 3*y - 21. Let a be j(4). What is the greatest common divisor of a and c?
7
Let t(g) = g - 46. Let j be t(0). Let i = 16 + j. Let u = 48 + i. What is the greatest common factor of u and 45?
9
Let u(w) = w**2 - w - 2. Let i be u(3). Suppose -4*d = q + 4, 2*d = -2*q + i*q - 2. Suppose -5*b = -q*b - 90. What is the highest common factor of 9 and b?
9
Let z be 15 + -9 - (-24)/4. Calculate the highest common factor of 54 and z.
6
Suppose 3*y + 16 = -2*d + 166, 0 = -y - 4*d + 40. Let t = 122 - y. What is the greatest common factor of 10 and t?
10
Let s be 1/2*(-1 - -9). Suppose 0 = -s*c + 550 + 218. Let b be 6/(-4)*(-256)/(-24)*-2. Calculate the highest common factor of b and c.
32
Suppose 7 - 71 = -f. Calculate the greatest common factor of 448 and f.
64
Suppose -21*i + 115 = -16*i. What is the greatest common factor of 184 and i?
23
Suppose -4*q = -112 - 16. Suppose -q = 2*j + 2*j. Let z = 2 - j. Calculate the greatest common factor of 25 and z.
5
Let m = 13 + 24. Suppose -2*l + 4*z = l + 1, -5*l = 3*z - m. Suppose 0 = -0*u - 5*u + n + 53, l = 2*u + 5*n. Calculate the greatest common divisor of u and 10.
10
Let x(q) = 5*q**3 - 7*q**2 + 16*q. Let b be x(4). What is the greatest common factor of b and 17?
17
Let x(m) = m - 12. Let d(h) = h**3 + 4*h**2 - 5*h + 5. Let s be d(-5). Let l be x(s). Let o = l - -22. What is the highest common factor of 90 and o?
15
Let m = 9 - 8. Suppose -2*j + m = -13. Suppose -j*z + 4*z + 126 = 0. What is the highest common divisor of z and 14?
14
Let w(s) = s**2 + 9*s + 6. Let t be w(-9). Let l = 12 + 0. What is the greatest common factor of l and t?
6
Let x be 2 + 3*7*(-1 - -14). Calculate the greatest common divisor of x and 220.
55
Let w = 483 + -466. What is the highest common factor of w and 17?
17
Suppose -5*o - 9*o = -308. What is the highest common factor of o and 55?
11
Let z(x) = -x**3 - 4*x**2 + 7*x. Let l be z(-5). Let n = 11 + l. Suppose 0 = -2*s + 5*s - 3. What is the greatest common divisor of n and s?
1
Suppose -5*o + 13 = x, 5*x = -2*o - 2*o + 23. Suppose -x*y = -249 - 87. What is the highest common factor of 16 and y?
16
Suppose 7*z + 12 = -51. Let g be 8 - (4 + z - -1). What is the greatest common divisor of g and 9?
3
Suppose n = 2*b - 2, 4*n + 6 = -10. Let k be 8 + (-6)/(2 - b). Calculate the greatest common divisor of k and 66.
6
Let p(y) be the third derivative of -y**4/12 + 17*y**3/3 + 12*y**2. Let g be p(11). Calculate the highest common factor of g and 8.
4
Let i be (1 + (-14)/6)*-3. Suppose -16 = -3*l - 2*p, 5*l + 2*p = p + 15. Calculate the greatest common factor of i and l.
2
Let r = -1196 - -1269. Calculate the greatest common divisor of 1387 and r.
73
Suppose -f - 33 = -2*f. Let v(b) = -2*b + 3. Let p be v(2). Let j be p - -2*1 - -10. Calculate the highest common divisor of j and f.
11
Suppose -15*h + 2153 = 1568. Calculate the highest common divisor of h and 1053.
39
Suppose 4*r + 2*v = -31 + 187, 117 = 3*r + 3*v. Suppose -26 = n - 3*n. Calculate the greatest common factor of r and n.
13
Suppose -x + d + 150 = 0, -4*x - 4*d + 568 = -32. What is the highest common divisor of 6 and x?
6
Let d be (0 - (-1 + 0)) + 186. Let i = -15 - -32. What is the highest common factor of i and d?
17
Let u = -53 + 57. What is the highest common factor of 5 and u?
1
Let s = 741 - 713. What is the greatest common divisor of 133 and s?
7
Let v be (-3)/(0 + -3) + -24. Let m = -24 + v. Let g be -3*m/3 + 3. Calculate the highest common factor of 10 and g.
10
Suppose p - 13 = -2*x, -x + 14 = 5*p - 6. Let s(k) = 3*k**2 - 6. Let l be 39/(-12) - (-2)/8. Let t be s(l). What is the greatest common factor of t and p?
3
Let y = 65 + -24. Let k = 109 - y. What is the highest common factor of 17 and k?
17
Let i(g) = -g**3 - 4*g**2 - 6*g - 7. Let k be i(-3). Suppose 3*r - 1 + 2 = -t, -2*t + k = 4*r. What is the greatest common divisor of 5 and t?
5
Let i(l) = l**3 - 11*l**2 + 12*l + 14. Let b = 7 + 4. Let g be i(b). Let n = g - 58. Calculate the greatest common divisor of n and 22.
22
Let n(z) = 2*z - 16. Let d = 166 - 113. Suppose -d - 2 = -5*o. Let j be n(o). What is the highest common factor of j and 6?
6
Suppose 0*d = 4*d - 96. Let b = 1026 + -1020. What is the highest common factor of d and b?
6
Let p(l) = 33*l - 136. Let r be p(24). Calculate the greatest common factor of 41 and r.
41
Suppose -k - 9*k + 5470 = 0. Let p = k + -250. What is the greatest common factor of p and 33?
33
Let d(p) = -3*p**2 - 7*p + 16. Let t be d(0). What is the greatest common divisor of 536 and t?
8
Let i be (-1)/(-4) - (-33)/12. Let w(p) = p**3 - 12*p**2 + 11*p + 2. Let f be w(11). What is the greatest common factor of i and f?
1
Suppose -5*t - 301 = -2*a, -6*a + 610 = -2*a - 2*t. What is the greatest common factor of a and 72?
9
Suppose -17*t - 14*t + 18228 = 0. Calculate the highest common divisor of 12 and t.
12
Let l be (22/(-4))/((-418)/76). Let x be (1 - 2)*(-1 - 0). Calculate the highest common factor of x and l.
1
Suppose -8*h - 9632 = -36*h. Calculate the highest common factor of 258 and h.
86
Suppose 5*g - 483 = 17. Calculate the highest common factor of g and 8.
4
Let c be -2*(4*-3)/1. Let y = 54 + -51. Calculate the greatest common factor of y and c.
3
Let y = -34 - -52. Suppose -2*z - y = z. Let t(r) = r + 14. Let o be t(z). Calculate the greatest common divisor of 8 and o.
8
Let d be 3*((-16)/2 - -5). Suppose -3*m = 2*h - 2, 0 = 3*m - 6*m + 3*h + 27. Let v = m - d. What is the greatest common factor of 91 and v?
13
Let f(i) = -7*i**3 - 7*i**2 - 7*i + 3. Let g be f(-2). Calculate the greatest common divisor of g and 15.
15
Suppose m + 3*m + 132 = 0. Let p = -24 - m. Let s = 39 - 33. Calculate the highest common factor of s and p.
3
Suppose 0 = -18*s + 60*s - 26334. What is the highest common factor of 456 and s?
57
Suppose n + 19 - 22 = 0. Suppose 0 = 3*a - 2*l - 2*l + n, -4*a = 2*l - 18. Calculate the highest common divisor of a and 12.
3
Suppose 6 - 42 = -n. Let q be 0/(-2) + 10 + -1. What is the highest common factor of n and q?
9
Let p = -60 - -188. Calculate the highest common factor of p and 32.
32
Let q(l) = 2*l**2 + 35. Let k(i) = -i**2 - 18. Let p(g) = 5*k(g) + 3*q(g). Let o = -12 - -12. Let c be p(o). Calculate the highest common divisor of 3 a